{"id":6,"date":"2022-09-14T17:02:39","date_gmt":"2022-09-14T17:02:39","guid":{"rendered":"https:\/\/carbonyfuego.com\/?page_id=6"},"modified":"2023-09-24T17:09:07","modified_gmt":"2023-09-24T22:09:07","slug":"inicio","status":"publish","type":"page","link":"https:\/\/carbonyfuego.com\/","title":{"rendered":"Inicio"},"content":{"rendered":"\n<figure class=\"wp-block-video\"><video autoplay controls src=\"https:\/\/carbonyfuego.com\/wp-content\/uploads\/2022\/09\/BIENVENIDA-A-PAGINA-WEB.mp4\"><\/video><figcaption class=\"wp-element-caption\"><strong><em>BIENVENIDA CHEF RICHARD PLA SILVA<\/em><\/strong><\/figcaption><\/figure>\n\n\n\n<div class=\"wp-block-columns is-layout-flex wp-container-9\">\n<div class=\"wp-block-column is-layout-flow\" style=\"flex-basis:100%\">\n<div class=\"wp-block-columns is-layout-flex wp-container-7\">\n<div class=\"wp-block-column is-layout-flow\">\n<p class=\"has-medium-font-size\"><strong>Quieres dominar el Arte de asar Cortes finos, sus tiempos y t\u00e9rminos, somos la mejor opci\u00f3n. Contamos con Cursos en diferentes niveles, b\u00e1sicos, avanzados y expertos. Tambi\u00e9n Cursos de especialidad, Cursos para Empresas. En nuestros Cursos todo est\u00e1 incluido, solamente tienes que traer: ganas de aprender, divertirte y degustar todo lo que preparamos. Regalos, sorteos especiales y sorpresas. Esto es solo la p\u00e1gina de inicio.                                                         !!!LOS MEJORES CURSOS DE PARRILLA!!                                                                                                                    Tambi\u00e9n te presentamos nuestras Aventuras a la Parrilla a trav\u00e9s de nuestro Canal de Youtube, donde aprender\u00e1s cosas nuevas y conocer\u00e1s lugares espectaculares, todos relacionados con el hermoso Arte de la Parrilla<\/strong><\/p>\n<\/div>\n\n\n\n<div class=\"wp-block-column is-layout-flow\">\n<h2 class=\"wp-block-heading has-text-align-center\"><a href=\"https:\/\/carbonyfuego.com\/?page_id=321\" data-type=\"page\" data-id=\"321\"><strong>Tienda<\/strong><\/a><\/h2>\n\n\n\n<div class=\"wp-block-columns is-layout-flex wp-container-5\">\n<div class=\"wp-block-column is-layout-flow\">\n<figure class=\"wp-block-image size-large is-resized\"><img decoding=\"async\" loading=\"lazy\" src=\"https:\/\/carbonyfuego.com\/wp-content\/uploads\/2023\/09\/IMG_4449-585x1024.jpg\" alt=\"\" class=\"wp-image-339\" width=\"121\" height=\"211\" srcset=\"https:\/\/carbonyfuego.com\/wp-content\/uploads\/2023\/09\/IMG_4449-585x1024.jpg 585w, https:\/\/carbonyfuego.com\/wp-content\/uploads\/2023\/09\/IMG_4449-scaled-600x1050.jpg 600w, https:\/\/carbonyfuego.com\/wp-content\/uploads\/2023\/09\/IMG_4449-171x300.jpg 171w, https:\/\/carbonyfuego.com\/wp-content\/uploads\/2023\/09\/IMG_4449-768x1344.jpg 768w, https:\/\/carbonyfuego.com\/wp-content\/uploads\/2023\/09\/IMG_4449-878x1536.jpg 878w, https:\/\/carbonyfuego.com\/wp-content\/uploads\/2023\/09\/IMG_4449-1170x2048.jpg 1170w, https:\/\/carbonyfuego.com\/wp-content\/uploads\/2023\/09\/IMG_4449-scaled.jpg 1463w\" sizes=\"(max-width: 121px) 100vw, 121px\" \/><\/figure>\n<\/div>\n\n\n\n<div class=\"wp-block-column is-layout-flow\">\n<figure class=\"wp-block-image size-large is-resized\"><img decoding=\"async\" loading=\"lazy\" src=\"https:\/\/carbonyfuego.com\/wp-content\/uploads\/2023\/09\/IMG_4461-675x1024.jpg\" alt=\"\" class=\"wp-image-334\" width=\"144\" height=\"217\" srcset=\"https:\/\/carbonyfuego.com\/wp-content\/uploads\/2023\/09\/IMG_4461-675x1024.jpg 675w, https:\/\/carbonyfuego.com\/wp-content\/uploads\/2023\/09\/IMG_4461-198x300.jpg 198w, https:\/\/carbonyfuego.com\/wp-content\/uploads\/2023\/09\/IMG_4461-768x1165.jpg 768w, https:\/\/carbonyfuego.com\/wp-content\/uploads\/2023\/09\/IMG_4461-1350x2048.jpg 1350w\" sizes=\"(max-width: 144px) 100vw, 144px\" \/><\/figure>\n<\/div>\n\n\n\n<div class=\"wp-block-column is-layout-flow\"><\/div>\n<\/div>\n<\/div>\n<\/div>\n<\/div>\n<\/div>\n\n\n\n<div class=\"wp-block-cover aligncenter\" style=\"min-height:905px\"><span aria-hidden=\"true\" class=\"wp-block-cover__background has-background-dim\"><\/span><img decoding=\"async\" loading=\"lazy\" width=\"768\" height=\"1024\" class=\"wp-block-cover__image-background wp-image-83\" alt=\"\" src=\"https:\/\/carbonyfuego.com\/wp-content\/uploads\/2022\/09\/IMG-20190624-WA0051-1-768x1024.jpg\" data-object-fit=\"cover\" srcset=\"https:\/\/carbonyfuego.com\/wp-content\/uploads\/2022\/09\/IMG-20190624-WA0051-1-768x1024.jpg 768w, https:\/\/carbonyfuego.com\/wp-content\/uploads\/2022\/09\/IMG-20190624-WA0051-1-600x800.jpg 600w, https:\/\/carbonyfuego.com\/wp-content\/uploads\/2022\/09\/IMG-20190624-WA0051-1-225x300.jpg 225w, https:\/\/carbonyfuego.com\/wp-content\/uploads\/2022\/09\/IMG-20190624-WA0051-1.jpg 960w\" sizes=\"(max-width: 768px) 100vw, 768px\" \/><div class=\"wp-block-cover__inner-container\">\n<p class=\"has-text-align-center has-large-font-size\">NEW YORK PARA PRUEBA  DE TERMINOS<\/p>\n<\/div><\/div>\n\n\n\n<div class=\"wp-block-cover aligncenter is-light\" style=\"min-height:762px\"><span aria-hidden=\"true\" class=\"wp-block-cover__background has-background-dim\"><\/span><img decoding=\"async\" loading=\"lazy\" width=\"768\" height=\"1024\" class=\"wp-block-cover__image-background wp-image-85\" alt=\"\" src=\"https:\/\/carbonyfuego.com\/wp-content\/uploads\/2022\/09\/IMG-20200223-WA0054-768x1024.jpg\" data-object-fit=\"cover\" srcset=\"https:\/\/carbonyfuego.com\/wp-content\/uploads\/2022\/09\/IMG-20200223-WA0054-768x1024.jpg 768w, https:\/\/carbonyfuego.com\/wp-content\/uploads\/2022\/09\/IMG-20200223-WA0054-600x800.jpg 600w, https:\/\/carbonyfuego.com\/wp-content\/uploads\/2022\/09\/IMG-20200223-WA0054-225x300.jpg 225w, https:\/\/carbonyfuego.com\/wp-content\/uploads\/2022\/09\/IMG-20200223-WA0054.jpg 780w\" sizes=\"(max-width: 768px) 100vw, 768px\" \/><div class=\"wp-block-cover__inner-container\">\n<p class=\"has-text-align-center has-large-font-size\"><strong>TOMAHAWK<\/strong><\/p>\n<\/div><\/div>\n\n\n\n<div class=\"wp-block-cover\" style=\"min-height:694px\"><span aria-hidden=\"true\" class=\"wp-block-cover__background has-background-dim\"><\/span><img decoding=\"async\" loading=\"lazy\" width=\"768\" height=\"1024\" class=\"wp-block-cover__image-background wp-image-86\" alt=\"\" src=\"https:\/\/carbonyfuego.com\/wp-content\/uploads\/2022\/09\/IMG-20191216-WA0008-768x1024.jpg\" data-object-fit=\"cover\" srcset=\"https:\/\/carbonyfuego.com\/wp-content\/uploads\/2022\/09\/IMG-20191216-WA0008-768x1024.jpg 768w, https:\/\/carbonyfuego.com\/wp-content\/uploads\/2022\/09\/IMG-20191216-WA0008-600x800.jpg 600w, https:\/\/carbonyfuego.com\/wp-content\/uploads\/2022\/09\/IMG-20191216-WA0008-225x300.jpg 225w, https:\/\/carbonyfuego.com\/wp-content\/uploads\/2022\/09\/IMG-20191216-WA0008.jpg 960w\" sizes=\"(max-width: 768px) 100vw, 768px\" \/><div class=\"wp-block-cover__inner-container\">\n<p class=\"has-text-align-center has-large-font-size\">PICA\u00d1A A LA ESPADA<\/p>\n<\/div><\/div>\n\n\n\n<div class=\"wp-block-cover aligncenter\" style=\"min-height:615px\"><span aria-hidden=\"true\" class=\"wp-block-cover__background has-background-dim\"><\/span><img decoding=\"async\" loading=\"lazy\" width=\"1024\" height=\"768\" class=\"wp-block-cover__image-background wp-image-87\" alt=\"\" src=\"https:\/\/carbonyfuego.com\/wp-content\/uploads\/2022\/09\/IMG-20191012-WA0062-1024x768.jpg\" data-object-fit=\"cover\" srcset=\"https:\/\/carbonyfuego.com\/wp-content\/uploads\/2022\/09\/IMG-20191012-WA0062-1024x768.jpg 1024w, https:\/\/carbonyfuego.com\/wp-content\/uploads\/2022\/09\/IMG-20191012-WA0062-600x450.jpg 600w, https:\/\/carbonyfuego.com\/wp-content\/uploads\/2022\/09\/IMG-20191012-WA0062-300x225.jpg 300w, https:\/\/carbonyfuego.com\/wp-content\/uploads\/2022\/09\/IMG-20191012-WA0062-768x576.jpg 768w, https:\/\/carbonyfuego.com\/wp-content\/uploads\/2022\/09\/IMG-20191012-WA0062.jpg 1280w\" sizes=\"(max-width: 1024px) 100vw, 1024px\" \/><div class=\"wp-block-cover__inner-container\">\n<p class=\"has-text-align-center has-large-font-size\">PICA\u00d1A A LA PARRILLA              <\/p>\n<\/div><\/div>\n\n\n\n<div class=\"wp-block-cover\" style=\"min-height:673px\"><span aria-hidden=\"true\" class=\"wp-block-cover__background has-background-dim\"><\/span><img decoding=\"async\" loading=\"lazy\" width=\"1024\" height=\"683\" class=\"wp-block-cover__image-background wp-image-179\" alt=\"\" src=\"https:\/\/carbonyfuego.com\/wp-content\/uploads\/2022\/09\/DSC_0124-1024x683.jpg\" data-object-fit=\"cover\" srcset=\"https:\/\/carbonyfuego.com\/wp-content\/uploads\/2022\/09\/DSC_0124-1024x683.jpg 1024w, https:\/\/carbonyfuego.com\/wp-content\/uploads\/2022\/09\/DSC_0124-scaled-600x400.jpg 600w, https:\/\/carbonyfuego.com\/wp-content\/uploads\/2022\/09\/DSC_0124-300x200.jpg 300w, https:\/\/carbonyfuego.com\/wp-content\/uploads\/2022\/09\/DSC_0124-768x512.jpg 768w, https:\/\/carbonyfuego.com\/wp-content\/uploads\/2022\/09\/DSC_0124-1536x1024.jpg 1536w, https:\/\/carbonyfuego.com\/wp-content\/uploads\/2022\/09\/DSC_0124-2048x1365.jpg 2048w\" sizes=\"(max-width: 1024px) 100vw, 1024px\" \/><div class=\"wp-block-cover__inner-container\">\n<p class=\"has-text-align-center has-large-font-size\">RIBEYE DE 2&#8243;<\/p>\n<\/div><\/div>\n","protected":false},"excerpt":{"rendered":"<p>Quieres dominar el Arte de asar Cortes finos, sus tiempos y t\u00e9rminos, somos la mejor opci\u00f3n. Contamos con Cursos en diferentes niveles, b\u00e1sicos, avanzados y expertos. Tambi\u00e9n Cursos de especialidad, Cursos para Empresas. En nuestros Cursos todo est\u00e1 incluido, solamente tienes que traer: ganas de aprender, divertirte y degustar todo lo que preparamos. Regalos, sorteos &hellip;<\/p>\n<p class=\"read-more\"> <a class=\"\" href=\"https:\/\/carbonyfuego.com\/\"> <span class=\"screen-reader-text\">Inicio<\/span> Leer m\u00e1s &raquo;<\/a><\/p>\n","protected":false},"author":1,"featured_media":0,"parent":0,"menu_order":1,"comment_status":"closed","ping_status":"closed","template":"","meta":{"site-sidebar-layout":"default","site-content-layout":"default","ast-global-header-display":"","ast-main-header-display":"","ast-hfb-above-header-display":"","ast-hfb-below-header-display":"","ast-hfb-mobile-header-display":"","site-post-title":"","ast-breadcrumbs-content":"","ast-featured-img":"","footer-sml-layout":"","theme-transparent-header-meta":"","adv-header-id-meta":"","stick-header-meta":"","header-above-stick-meta":"","header-main-stick-meta":"","header-below-stick-meta":""},"_links":{"self":[{"href":"https:\/\/carbonyfuego.com\/index.php?rest_route=\/wp\/v2\/pages\/6"}],"collection":[{"href":"https:\/\/carbonyfuego.com\/index.php?rest_route=\/wp\/v2\/pages"}],"about":[{"href":"https:\/\/carbonyfuego.com\/index.php?rest_route=\/wp\/v2\/types\/page"}],"author":[{"embeddable":true,"href":"https:\/\/carbonyfuego.com\/index.php?rest_route=\/wp\/v2\/users\/1"}],"replies":[{"embeddable":true,"href":"https:\/\/carbonyfuego.com\/index.php?rest_route=%2Fwp%2Fv2%2Fcomments&post=6"}],"version-history":[{"count":15,"href":"https:\/\/carbonyfuego.com\/index.php?rest_route=\/wp\/v2\/pages\/6\/revisions"}],"predecessor-version":[{"id":361,"href":"https:\/\/carbonyfuego.com\/index.php?rest_route=\/wp\/v2\/pages\/6\/revisions\/361"}],"wp:attachment":[{"href":"https:\/\/carbonyfuego.com\/index.php?rest_route=%2Fwp%2Fv2%2Fmedia&parent=6"}],"curies":[{"name":"wp","href":"https:\/\/api.w.org\/{rel}","templated":true}]}}