{"id":315,"date":"2023-09-21T12:40:58","date_gmt":"2023-09-21T17:40:58","guid":{"rendered":"https:\/\/carbonyfuego.com\/?page_id=315"},"modified":"2023-09-21T12:56:35","modified_gmt":"2023-09-21T17:56:35","slug":"curso-para-principiantes-en-linea","status":"publish","type":"page","link":"https:\/\/carbonyfuego.com\/?page_id=315","title":{"rendered":"CURSOS EN LINEA"},"content":{"rendered":"\n<h2 class=\"wp-block-heading\">Curso de Parrilla para principiantes<\/h2>\n\n\n\n<p>Este curso es una oportunidad \u00fanica para aprender las t\u00e9cnicas y secretos del arte de la parrilla. No importa si eres nuevo en la parrilla o si ya tienes algo de experiencia, este curso es ideal para cualquier persona que desee mejorar sus habilidades y convertirse en un experto parrillero. Aprovecha esta oportunidad para aprender del mejore y llevar tu pasi\u00f3n por la parrilla al siguiente nivel.<br><br>El objetivo principal de este curso es brindar a los participantes una base s\u00f3lida para que puedan disfrutar de la parrilla de manera segura y exitosa. Al finalizar el curso, ser\u00e1n capaces de manejar correctamente el fuego, elegir sus cortes adecuadamente y realizar una cocci\u00f3n perfecta y al gusto de sus comensales<\/p>\n\n\n\n<p>Con la gu\u00eda de un experto parrillero, podr\u00e1n adquirir habilidades pr\u00e1cticas que les permitir\u00e1n dominar la parrilla y sorprender a sus amigos y familiares con deliciosas comidas a la parrilla.<\/p>\n\n\n\n<p><br>Este curso no solo se centra en la t\u00e9cnica de parrilla, sino que tambi\u00e9n proporciona informaci\u00f3n sobre los utensilios y herramientas necesarias para el proceso, as\u00ed como consejos de seguridad.<br><br><\/p>\n\n\n\n<p class=\"has-vivid-red-color has-text-color\">\u00a1Inscr\u00edbete ya al Curso de Parrilla para principiantes!     <strong>PRONTO TENDREMOS EL LINK!!!<\/strong><\/p>\n","protected":false},"excerpt":{"rendered":"<p>Curso de Parrilla para principiantes Este curso es una oportunidad \u00fanica para aprender las t\u00e9cnicas y secretos del arte de la parrilla. No importa si eres nuevo en la parrilla o si ya tienes algo de experiencia, este curso es ideal para cualquier persona que desee mejorar sus habilidades y convertirse en un experto parrillero. &hellip;<\/p>\n<p class=\"read-more\"> <a class=\"\" href=\"https:\/\/carbonyfuego.com\/?page_id=315\"> <span class=\"screen-reader-text\">CURSOS EN LINEA<\/span> Leer m\u00e1s &raquo;<\/a><\/p>\n","protected":false},"author":1,"featured_media":0,"parent":0,"menu_order":0,"comment_status":"closed","ping_status":"closed","template":"","meta":{"site-sidebar-layout":"default","site-content-layout":"default","ast-global-header-display":"","ast-main-header-display":"","ast-hfb-above-header-display":"","ast-hfb-below-header-display":"","ast-hfb-mobile-header-display":"","site-post-title":"","ast-breadcrumbs-content":"","ast-featured-img":"","footer-sml-layout":"","theme-transparent-header-meta":"","adv-header-id-meta":"","stick-header-meta":"","header-above-stick-meta":"","header-main-stick-meta":"","header-below-stick-meta":""},"_links":{"self":[{"href":"https:\/\/carbonyfuego.com\/index.php?rest_route=\/wp\/v2\/pages\/315"}],"collection":[{"href":"https:\/\/carbonyfuego.com\/index.php?rest_route=\/wp\/v2\/pages"}],"about":[{"href":"https:\/\/carbonyfuego.com\/index.php?rest_route=\/wp\/v2\/types\/page"}],"author":[{"embeddable":true,"href":"https:\/\/carbonyfuego.com\/index.php?rest_route=\/wp\/v2\/users\/1"}],"replies":[{"embeddable":true,"href":"https:\/\/carbonyfuego.com\/index.php?rest_route=%2Fwp%2Fv2%2Fcomments&post=315"}],"version-history":[{"count":3,"href":"https:\/\/carbonyfuego.com\/index.php?rest_route=\/wp\/v2\/pages\/315\/revisions"}],"predecessor-version":[{"id":320,"href":"https:\/\/carbonyfuego.com\/index.php?rest_route=\/wp\/v2\/pages\/315\/revisions\/320"}],"wp:attachment":[{"href":"https:\/\/carbonyfuego.com\/index.php?rest_route=%2Fwp%2Fv2%2Fmedia&parent=315"}],"curies":[{"name":"wp","href":"https:\/\/api.w.org\/{rel}","templated":true}]}}