{"id":307,"date":"2023-09-20T14:58:27","date_gmt":"2023-09-20T19:58:27","guid":{"rendered":"https:\/\/carbonyfuego.com\/?page_id=307"},"modified":"2023-10-25T15:27:59","modified_gmt":"2023-10-25T20:27:59","slug":"recetas","status":"publish","type":"page","link":"https:\/\/carbonyfuego.com\/?page_id=307","title":{"rendered":"Recetas"},"content":{"rendered":"\n<h2 class=\"wp-block-heading\">Empanadas a la Parrilla<\/h2>\n\n\n\n<p>INGREDIENTES DEL RELLENO<\/p>\n\n\n\n<p>1 kg Carne molida<\/p>\n\n\n\n<p>1 Cebolla<\/p>\n\n\n\n<p>1 Pimiento morr\u00f3n chico<\/p>\n\n\n\n<p>Ajo molido<\/p>\n\n\n\n<p>Adobo (or\u00e9gano y chile)<\/p>\n\n\n\n<p>Comino<\/p>\n\n\n\n<p>Sal<\/p>\n\n\n\n<p>Pimienta<\/p>\n\n\n\n<p>2 huevos enteros<\/p>\n\n\n\n<p>4 Huevos cocidos<\/p>\n\n\n\n<p>Agua tibia la necesaria<\/p>\n\n\n\n<p>Opcional: pasas de uva, aceitunas<\/p>\n\n\n\n<p>PREPARACI\u00d3N<\/p>\n\n\n\n<p>Ponemos un poco de aceite en la olla, luego sofre\u00edmos la cebolla, agregamos los pimientos, el ajo y posteriormente la carne, cuando ya est\u00e1 casi lista condimentamos y terminamos la cocci\u00f3n<\/p>\n\n\n\n<p>Luego agregamos los huevos enteros mezclamos bien y integramos los huevos cocidos picados, las pasas o las aceitunas y dejamos enfriar.<\/p>\n\n\n\n<p>INGREDIENTES PARA LA MASA<\/p>\n\n\n\n<p>1 kg harina<\/p>\n\n\n\n<p>250 gr mantequilla<\/p>\n\n\n\n<p>2 cdta Sal<\/p>\n\n\n\n<p>Agua tibia la necesaria, aprox 350 ml.<\/p>\n\n\n\n<p>PREPARACI\u00d3N<\/p>\n\n\n\n<p>Ponemos la harina en un bowl y agregamos la sal, integramos y en el centro ponemos la mantequilla, que tiene que estar fr\u00eda pero no congelada, trabajamos para integrarla poco a poco, cuando ya est\u00e1 pr\u00e1cticamente integrada comenzamos a agregar el agua, posteriormente pasamos la masa a la mesa o una tabla y amasamos hasta lograr una masa suave.<\/p>\n\n\n\n<p>Dejamos reposar unos 10 minutos y comenzamos a estirar hasta lograr un espesor de unos 5 mil\u00edmetros aproximadamente es a gusto, con un cortador redondo cortamos nuestras tapas para hacer las empanadas. Luego agregamos el relleno en el centro, mojamos alrededor para que pegue bien la masa, cerramos y hacemos el repulgue, (palabra uruguaya) para la forma de cierra de la misma, si usamos diferentes rellenos es importante hacer diferente el repulgue para identificarlas.<\/p>\n\n\n\n<p>Ya para este momento debemos tener lista nuestra parrilla, con una temperatura media, media alta, ponemos las empanadas por unos 10 minutos aproximadamente, cuando vean que ya est\u00e1n doradas las damos vuelta las dejamos otros 10 minutos y listas. El tiempo de cocci\u00f3n depende de la temperatura de la parrilla, no se descuiden para que no se quemen y\u2026<\/p>\n\n\n\n<p>\u00a1\u00a1\u00a1\u00a1Buen provecho!!!!<\/p>\n","protected":false},"excerpt":{"rendered":"<p>Empanadas a la Parrilla INGREDIENTES DEL RELLENO 1 kg Carne molida 1 Cebolla 1 Pimiento morr\u00f3n chico Ajo molido Adobo (or\u00e9gano y chile) Comino Sal Pimienta 2 huevos enteros 4 Huevos cocidos Agua tibia la necesaria Opcional: pasas de uva, aceitunas PREPARACI\u00d3N Ponemos un poco de aceite en la olla, luego sofre\u00edmos la cebolla, agregamos &hellip;<\/p>\n<p class=\"read-more\"> <a class=\"\" href=\"https:\/\/carbonyfuego.com\/?page_id=307\"> <span class=\"screen-reader-text\">Recetas<\/span> Leer m\u00e1s &raquo;<\/a><\/p>\n","protected":false},"author":1,"featured_media":0,"parent":0,"menu_order":0,"comment_status":"closed","ping_status":"closed","template":"","meta":{"site-sidebar-layout":"default","site-content-layout":"default","ast-global-header-display":"","ast-main-header-display":"","ast-hfb-above-header-display":"","ast-hfb-below-header-display":"","ast-hfb-mobile-header-display":"","site-post-title":"","ast-breadcrumbs-content":"","ast-featured-img":"","footer-sml-layout":"","theme-transparent-header-meta":"","adv-header-id-meta":"","stick-header-meta":"","header-above-stick-meta":"","header-main-stick-meta":"","header-below-stick-meta":""},"_links":{"self":[{"href":"https:\/\/carbonyfuego.com\/index.php?rest_route=\/wp\/v2\/pages\/307"}],"collection":[{"href":"https:\/\/carbonyfuego.com\/index.php?rest_route=\/wp\/v2\/pages"}],"about":[{"href":"https:\/\/carbonyfuego.com\/index.php?rest_route=\/wp\/v2\/types\/page"}],"author":[{"embeddable":true,"href":"https:\/\/carbonyfuego.com\/index.php?rest_route=\/wp\/v2\/users\/1"}],"replies":[{"embeddable":true,"href":"https:\/\/carbonyfuego.com\/index.php?rest_route=%2Fwp%2Fv2%2Fcomments&post=307"}],"version-history":[{"count":4,"href":"https:\/\/carbonyfuego.com\/index.php?rest_route=\/wp\/v2\/pages\/307\/revisions"}],"predecessor-version":[{"id":369,"href":"https:\/\/carbonyfuego.com\/index.php?rest_route=\/wp\/v2\/pages\/307\/revisions\/369"}],"wp:attachment":[{"href":"https:\/\/carbonyfuego.com\/index.php?rest_route=%2Fwp%2Fv2%2Fmedia&parent=307"}],"curies":[{"name":"wp","href":"https:\/\/api.w.org\/{rel}","templated":true}]}}